 -6*h - 4. Determine z(i).
20
Suppose 2*f + 2*a = 2 + 18, 0 = a - 3. Let l(p) = 2*p - 8 - 2 + 1. Calculate l(f).
5
Let z(j) = -4*j**2 + j + 5. Let i = 7 + -2. Let m(l) = l**2 + l. Let s(q) = i*m(q) + z(q). Suppose -2*h + 12 = -4*t, -7*h + 2*h - 10 = -2*t. Determine s(t).
0
Let o(g) = -10*g**2 - 2*g + 1. Let y(m) = m**2 + 8*m + 9. Let i be y(-7). Let a = i + -1. What is o(a)?
-11
Let c(n) = -n - 2. Suppose -10 = 2*v + s + 5, -5*s + 37 = -4*v. What is c(v)?
6
Let k(s) = 3*s**3 + 8*s**2 + s + 1. Let x(a) = -4*a**3 + a + 1 + 0*a + a**2 + 5*a**3. Let t(h) = -k(h) + 2*x(h). Determine t(-6).
-5
Suppose -c - 27 = 2*c. Let s = 9 + c. Let w(p) = 9*p**2 + 5*p - 24. Let d(k) = 4*k**2 + 2*k - 12. Let u(r) = -7*d(r) + 3*w(r). Give u(s).
12
Let c(w) = 9*w**3 - 5*w**2 - 6. Suppose 2*q = 2, 3*t - 3*q - 19 = -q. Let o(l) = -5*l**3 + 2*l**2 + 3. Let x(p) = t*o(p) + 4*c(p). Determine x(6).
-3
Let g be ((-2)/4)/((-2)/12). Let d = 5 - g. Suppose d*t + 3*t = 0. Let a(p) = -p - 4. What is a(t)?
-4
Let o(a) = 2*a + 5. Let u = -11 + 3. Let j(y) = 5*y + 15. Let c(b) = u*o(b) + 3*j(b). Let q(h) = h**2 - 3*h + 2. Let r be q(2). Determine c(r).
5
Let y(l) = l**2 - 2*l**2 + 22*l - 27*l - 3. Determine y(-2).
3
Let y be (-42)/(-8)*(-24)/(-18). Let d(r) = -r**2 + 8*r - 6. Give d(y).
1
Let p(m) be the first derivative of m**2/2 + 2*m - 17. Calculate p(-1).
1
Suppose -h = -c + 2, h + 2*c - 16 = -3. Let j(w) = -3*w**2 + 2*w**h + w - w**3 + 7*w**2. Let u be -3 + -3 + 6/2. What is j(u)?
6
Let s(h) = h**2 - 6*h + 3. Let t(x) = x - 9. Let v be t(7). Let g be (1/v)/((-2)/48). Let f = g + -8. What is s(f)?
-5
Let k(h) = -3*h**2 - 4*h + 6. Let n(t) = -t**2. Let a(w) = -k(w) + 4*n(w). Determine a(4).
-6
Suppose 2*s + 5*x + 6 = 0, -2*x = 4*s - 9*s + 14. Suppose -o + s = -0. Suppose 2*k - 3*p = -3*k + 27, p = -o*k + 2. Let g(f) = -2*f**2 + 4*f - 2. Give g(k).
-8
Let v(a) = -4*a - 2. Suppose 3*z = z - b + 5, -3 = -3*z + 3*b. Suppose -5*m + 5 = 0, -7 = z*k - 2*m - m. What is v(k)?
6
Let t(a) = -a**3 + 6*a**2 - 4*a. Let m(o) = 6*o - 1. Let x be m(-1). Let p be -3 + -1 - -1 - x. Suppose 0*k + p*k = 20. Give t(k).
5
Let f(q) be the first derivative of q**2/2 + q + 2. Let n be f(-1). Suppose -3*l + n*l = -6. Let m(x) = x**2 - 3*x. Calculate m(l).
-2
Let r(s) = 2*s**3 + 8*s**2 + 8*s + 11. Let f(l) = l**3 + 4*l**2 + 4*l + 5. Let x(q) = 9*f(q) - 4*r(q). Give x(-3).
-2
Let q(p) = 2*p**3 + 3*p**2 - 5*p - 2. Suppose 5*g + 23 = -c, 0*c - 2*c - g - 10 = 0. What is q(c)?
-14
Suppose 3 = -s + 1. Let r(t) be the second derivative of -1/4*t**4 - 1/20*t**5 - 1/6*t**3 + 0 + 0*t**2 - t. Determine r(s).
-2
Let s(v) = -v**2 + 2*v - 16. Let w(m) = 2*m**2 - 3*m + 15. Let j(c) = -3*s(c) - 2*w(c). Give j(0).
18
Let h(j) = -2*j + 10. Suppose m - 37 = -4*m - s, 2*s = 4. Determine h(m).
-4
Let u = -4 + 5. Suppose 3*f = m + 10, f = -3*m + 2*f + 10. Let r(o) = -3*o + o + m*o. Calculate r(u).
3
Suppose -2*y + 2 = -2. Suppose -3*k = -y*a + 10, 2 = -3*k - 4*a + 4. Let x(j) = 2*j**3 + 3*j**2 + 2*j + 3. Give x(k).
-5
Suppose 0 = 2*y - 4. Let t be (-28)/8 + y/(-4). Let f(x) = x**2 + 5*x - 2. What is f(t)?
-6
Let y(f) be the first derivative of f**7/420 - f**6/120 + f**4/12 + 5*f**3/3 + 2. Let x(d) be the third derivative of y(d). Let s = 0 + 2. Calculate x(s).
6
Let a(z) = -2*z - 9. Let j(n) = -n - 5. Let v(h) = 3*a(h) - 5*j(h). Calculate v(-6).
4
Suppose -5*x = -0*x - 65. Let s(i) = -7*i**2 - 1. Let z(b) = 15*b**2 - b + 1. Let j(d) = x*s(d) + 6*z(d). Let u = -12 + 7. Calculate j(u).
-2
Let k(w) = w**3 + 0*w**3 + 2*w - w - 8*w - 6*w**2. Give k(7).
0
Suppose -3*z + 1 - 4 = -4*k, -3*z = -5*k + 3. Let v(m) be the first derivative of m**4/12 - m - 1. Let d(l) be the first derivative of v(l). Determine d(k).
0
Let f(p) = p - 1. Let j be f(6). Let y(o) = o**2 + 7 - 2*o**2 + 5*o + 0*o**2. Calculate y(j).
7
Let t be 2/7 - (-2)/(-7). Suppose f = 6 - t. Let p(d) = 8 - 2*d**3 - 2*d + 16788*d**2 - 16782*d**2 + d**3. Determine p(f).
-4
Let p(i) = -i**3 + i**2 - 11*i - 11. Suppose -2 = v + v. Let l(x) = x**2 + x + 1. Let b(a) = v*p(a) - 6*l(a). Give b(6).
-1
Suppose -4*d = 5*i + 15, -4*i + 0*d - d = 1. Suppose -2*w = -5*u - 9, -3*u + 6*u = -3. Let l = w + i. Let v(t) = -t - 2. Calculate v(l).
-5
Let y be (0 + 0)*4/8. Let l(g) be the first derivative of g**2/2 - 4*g + 5. Calculate l(y).
-4
Let n be ((-2)/(-6))/(3/63). Let l(g) = g + 2*g + n + 3*g - 4*g. What is l(-5)?
-3
Let o(x) = x + 1. Let i = 29 + -28. Give o(i).
2
Suppose c - 2*c = 1. Let n(b) = -7*b - 1. Determine n(c).
6
Suppose -y - 19 = -5*p, -5*y - 12 = 2*p + 2. Let x = 8 - p. Let j(m) = m + 4. Let z(u) = u + 1. Let f(b) = -j(b) + 2*z(b). Determine f(x).
3
Let r(t) be the first derivative of -t**3/3 + 2*t**2 - 2*t + 24. Suppose -a + 2 = -c, -a + 5*c + 19 = a. Let g be (-18)/3*2/a. What is r(g)?
-2
Let x(r) = -1. Let g(h) = -10*h + 10. Let p(q) = -g(q) - 8*x(q). Determine p(-2).
-22
Let n = -6 + 6. Suppose n*x + 4*x = 12. Suppose 0 = -0*f - x*f + 3. Let w(r) = -5*r + 1. Calculate w(f).
-4
Let v be 3/(9/(-6)) - -5. Let a = v + 2. Let y(q) be the second derivative of -q**3/6 + 7*q**2/2 - q. What is y(a)?
2
Let c(o) = o**2 - 6*o + 4. Let z be c(6). Let m(u) = u**2 + 5*u. Let b(a) = -6*a**2 - 26*a - 1. Let x(y) = -2*b(y) - 11*m(y). Determine x(z).
6
Let w(p) = -3*p - 3. Suppose -3*z = -4*z + 8. Suppose 5*g + 4*r = 37, 4*g - z = 2*r + 2*r. Suppose g*l = 3 - 18. Calculate w(l).
6
Suppose -2*p + 3*p - 2 = 0. Let d(s) = -9*s + 0*s**p + 7*s**3 + 0*s**2 + 10*s. Calculate d(-1).
-8
Let u(l) = -l - 10. Let s(w) = -11*w + 6. Let b be s(1). Calculate u(b).
-5
Suppose 0 = 5*s - 4*g + 5, 2*s + 4 = -5*g + 2. Let n(l) = 12*l**2 - 1. Calculate n(s).
11
Let p(l) = l**2 - 7*l + 3. Let d be p(7). Let h(f) be the second derivative of 2*f**2 + 0 + 2*f + 1/6*f**d. Determine h(-5).
-1
Let c be 161/49 + (-2)/7. Let j(g) = g**3 + 2*g + 5*g**3 - g**c - 1. Calculate j(1).
6
Let f(d) be the third derivative of -d**7/5040 - d**6/360 - d**5/15 - 2*d**2. Let j(m) be the third derivative of f(m). Determine j(-3).
1
Let k = -2 - -4. Let z(p) = p**3 + 5*p**3 - p**2 + p + p**k. Give z(1).
7
Suppose 5*u - 4*j + 14 = 0, -3*u - 1 = 2*j + 25. Let l(s) = -s**2 - 7*s + 4. Determine l(u).
10
Let m(s) be the third derivative of -s**5/60 - 5*s**4/24 + s**3 - 4*s**2. Give m(-5).
6
Let g(a) = -a + 5. Let z(i) = -i + 6. Suppose 4*y - 5*d - 41 = -2, -y - 4*d - 6 = 0. Let x(b) = y*g(b) - 5*z(b). Let j = 1 - 3. Give x(j).
2
Let f(q) = 4*q**3 + 2*q**2 - 7*q + 2. Let p(x) = -5*x**3 - 2*x**2 + 8*x - 3. Let u(a) = -4*f(a) - 3*p(a). Determine u(-3).
-2
Let z(v) be the first derivative of -1/4*v**4 + 3*v - v**2 - 1 + v**3. Give z(2).
3
Suppose 2*f - 6 = -2*v, -f + 12 = -0*v + 4*v. Let d(m) = -m - 2*m + 2*m + f*m - 2. Let r(u) = -u**3 + 5*u**2 + u - 3. Let i be r(5). What is d(i)?
-4
Let u(q) be the third derivative of 0 - 4*q**2 + 1/60*q**5 + 5/24*q**4 - 1/2*q**3 + 0*q. Give u(-5).
-3
Let x(m) = 2*m**3 - 6*m**2 - m - 6. Let a(p) = -p**3 + 6*p**2 + p + 6. Let r(f) = 3*a(f) + 2*x(f). Calculate r(-6).
0
Let w(x) = -x + 7. Let j be w(5). Let q(i) be the third derivative of -i**6/60 + i**5/60 + i**4/24 - i**3/3 - 35*i**2. Calculate q(j).
-12
Let p = 0 + 3. Let i(a) = -2*a**3 - a**2 + 2*a - 5*a + 2*a + p*a**3. Let y(x) = x + 1. Let z be y(-2). What is i(z)?
-1
Let s(q) = -3*q. Let w(v) = -v**3 + 35*v**2 + v - 28. Let t be w(35). Determine s(t).
-21
Suppose 4*q - 20 = 0, -2*f - q + 14 = 3*q. Suppose 0 = 4*n - n - 6. Let g(o) = 4 - o**3 - 5*o**2 + n*o + 0*o + 2*o**2. Determine g(f).
-2
Suppose 2*z = 3*z. Suppose -6*m + 3*m - 15 = z. Let x(r) = -1 - 1 + 5 + 2*r. Determine x(m).
-7
Let h(f) = -f**3 + 2*f**2 + 14 - 3 - 9. Give h(2).
2
Let m(y) = 2*y**2 - 2. Let f(v) = -2*v**2 + v + 2. Let i(d) = 2*f(d) + 3*m(d). Let j = -46 + 44. Calculate i(j).
2
Let o(u) = -2*u - 4. Suppose 5*z - 40 = 5*r, 0 = r - 2*z + 9 + 4. What is o(r)?
2
Let d(b) be the second derivative of -b**5/20 + b**4/2 - 5*b**3/6 - 5*b**2/2 - 5*b. Calculate d(5).
-5
Let f(w) be the first derivative of w**4/4 + 2*w**3 - w**2/2 - 41. Determine f(-6).
6
Let d(m) = -7*m + 2. Let g(z) = -z**3 - 6*z**2 + 7*z - 2. Let v be g(-7). Calculate d(v).
16
Let g be (-4)/(-4) + 1 + 0. Let n(s) = 2*s - 7*s**g + s - 2*s + 2*s**2. Determine n(-1).
-6
Let v(n) be the second derivative of n**8/6720 + n**